et x(v) = -24*v + 135. Determine x(11).
-129
Let u(v) = 4964*v + 49627. Determine u(-10).
-13
Let i(r) = -1844*r - 47946. What is i(-26)?
-2
Let z(y) = 11*y**2 - 117*y + 326. Calculate z(6).
20
Let j(r) = -r**3 + 118*r**2 + 28*r - 3305. Give j(118).
-1
Let x(i) = -i**2 + 6150*i - 12287. Determine x(2).
9
Let r(o) = 14*o - 711. Give r(49).
-25
Let d(v) = -83*v + 1480. Give d(18).
-14
Let y(k) = 264*k + 304. What is y(-2)?
-224
Let x(z) = z**2 - 5*z - 615. Calculate x(0).
-615
Let t(c) = -c**2 + 619*c - 16548. Give t(28).
0
Let a(z) = z**3 + 302*z**2 + 2347*z - 1459. What is a(-294)?
11
Let r(b) = b**3 + 2*b**2 - 2*b + 2. Give r(-3).
-1
Let t(l) = -l**3 + 2*l**2 + 71*l - 92. Determine t(9).
-20
Let r(l) = -169*l - 1536. Give r(-9).
-15
Let o(u) = -4*u**3 + 35*u**2 - 6*u + 33. Calculate o(5).
378
Let n(t) = -3*t**3 + 102*t**2 - 11*t + 232. What is n(34)?
-142
Let l(t) = 6023*t + 6059. Calculate l(-1).
36
Let q(p) = 11*p - 101. What is q(9)?
-2
Let r(k) = -6*k + 81. Determine r(12).
9
Let t(q) = -10*q + 104. What is t(11)?
-6
Let o(z) = z**3 + 6*z**2 + 196*z + 1451. Determine o(-7).
30
Let q(a) = -a**3 + 12*a**2 - 23*a + 1. Calculate q(10).
-29
Let t(r) = -4*r**2 + 50*r - 133. Give t(8).
11
Let a(v) = -v**3 + 35*v**2 + 296*v - 13. Calculate a(-7).
-27
Let v(u) = u**2 + 136*u - 908. What is v(8)?
244
Let t(m) = -1300*m - 12995. Give t(-10).
5
Let y(m) = -m**3 - 10*m**2 + 4*m + 36. Determine y(-9).
-81
Let w(k) = -222*k + 15102. Determine w(68).
6
Let y(a) = -651*a - 14287. What is y(-22)?
35
Let v(n) = -6*n + 350. Give v(51).
44
Let f(h) = -h**3 - 2*h**2 + 63*h + 212. Determine f(-6).
-22
Let f(t) = t**2 + 8*t - 54. Calculate f(-11).
-21
Let p(y) = 1425*y + 11413. Calculate p(-8).
13
Let x(l) = -l**2 - 2*l + 167. Determine x(-19).
-156
Let j(r) = 369*r - 8248. What is j(22)?
-130
Let q(t) = 1098*t**2 + 6585*t + 6. What is q(-6)?
24
Let b(h) = 17*h**2 + 218*h - 281. What is b(-14)?
-1
Let a(i) = 298*i + 3366. What is a(-12)?
-210
Let l(y) = -99*y**3 + 693*y**2 - y + 7. Give l(7).
0
Let y(l) = -l**2 + 17*l - 70. Determine y(12).
-10
Let y(o) = -4*o**2 + 14*o - 11. Give y(6).
-71
Let n(a) = 132*a + 753. Calculate n(-8).
-303
Let h(n) = 9*n - 227. What is h(41)?
142
Let l(i) = 2*i**2 + 62*i + 104. Determine l(-28).
-64
Let t(d) = -d**2 - 52*d - 335. Calculate t(-35).
260
Let n(s) = -s**2 - 216*s - 10233. Calculate n(-70).
-13
Let t(y) = 17*y**3 - 7*y**2 + 3*y + 3. What is t(2)?
117
Let f(t) = t**2 + 4*t + 51. Give f(7).
128
Let d(s) = 6*s - 221. Calculate d(20).
-101
Let p(z) = -z**3 - 16*z**2 - 9*z - 61. Calculate p(-16).
83
Let b(j) = -j**3 + 17*j**2 - 126*j + 773. Determine b(12).
-19
Let w(y) = y**2 - 399*y + 6136. Determine w(16).
8
Let k(d) = -286*d**3 + 4*d**2 - 3. What is k(1)?
-285
Let l(j) = -2*j**3 - 35*j**2 - 70*j - 1782. Calculate l(-18).
-198
Let k(b) = 32*b**3 - 6*b**2 - 15*b - 12. Give k(-2).
-262
Let u(f) = 5*f**2 + 2*f - 68. Give u(-5).
47
Let i(k) = -k**3 - 17*k**2 + 237*k + 28. Calculate i(-26).
-50
Let y(z) = z**3 + 29*z**2 + 136*z - 28. What is y(-23)?
18
Let i(a) = a**2 + 172*a - 2027. What is i(11)?
-14
Let s(k) = -k**3 - 36*k**2 - 65*k + 68. Determine s(-34).
-34
Let u(i) = -354*i + 3101. Determine u(9).
-85
Let r(h) = 4*h**3 - 56*h**2 - 20*h - 11. Calculate r(14).
-291
Let x(g) = -68*g - 8188. What is x(-121)?
40
Let i(v) = -v**3 - 12*v**2 - 41*v - 122. Determine i(-9).
4
Let q(v) = -778*v + 2301. Determine q(3).
-33
Let o(s) = 10*s - 179. Calculate o(21).
31
Let r(k) = -50*k - 6. Determine r(2).
-106
Let l(u) = -2*u**2 - 34*u - 109. Calculate l(-13).
-5
Let l(b) = 1555*b - 12443. Determine l(8).
-3
Let a(w) = -2*w**3 + 15*w**2 + 39*w - 187. Determine a(5).
133
Let t(z) = -67*z - 783. Give t(-11).
-46
Let k(u) = u**3 - 8*u**2 + 26*u - 55. Determine k(8).
153
Let i(d) = 46*d - 482. What is i(7)?
-160
Let d(h) = -h**3 - 36*h**2 - 81*h - 373. Calculate d(-34).
69
Let v(y) = 5*y - 339. Give v(60).
-39
Let n(w) = w**2 - 75*w + 419. Calculate n(69).
5
Let y(p) = 10*p + 1354. Determine y(-137).
-16
Let j(z) = z**3 - 73*z**2 - 390*z - 17. What is j(-5)?
-17
Let f(d) = -d**2 + 97*d - 16. Determine f(97).
-16
Let z(j) = -106*j - 982. What is z(-9)?
-28
Let p(k) = -511*k - 542. Determine p(-2).
480
Let r(c) = -16*c - 12. Give r(5).
-92
Let u(t) = -t**2 + 121*t - 1713. Give u(15).
-123
Let r(g) = -5*g**2 - 332*g + 213. Give r(-67).
12
Let y(p) = 783*p - 3916. What is y(5)?
-1
Let k(l) = -197*l + 4900. Determine k(25).
-25
Let x(n) = -n**3 - 8*n**2 + 33*n + 284. Give x(-6).
14
Let v(o) = 6*o - 10. What is v(6)?
26
Let o(r) = r**3 - r**2 - 37*r + 139. Calculate o(4).
39
Let d(c) = 450*c - 2702. Determine d(6).
-2
Let b(f) = f**3 + 14*f**2 + 17*f + 474. Give b(-13).
422
Let z(j) = 226*j + 671. What is z(-4)?
-233
Let v(b) = -58*b + 306. Calculate v(5).
16
Let h(m) = -m**3 + 29*m**2 + 61*m - 886. Determine h(30).
44
Let b(c) = 40*c - 1962. Calculate b(49).
-2
Let d(n) = 220*n + 668. Give d(-3).
8
Let t(x) = -757*x + 2237. What is t(3)?
-34
Let m(i) = 2*i**2 - 17*i + 17. Determine m(7).
-4
Let g(o) = -o**3 + o**2 - 2*o - 13. Determine g(-5).
147
Let z(l) = 3*l**3 - 37*l**2 + 141*l + 4. Give z(4).
168
Let l(n) = -7243*n + 28968. Determine l(4).
-4
Let s(l) = -l**2 + 27*l + 1084. Give s(49).
6
Let o(g) = g**3 + 6*g**2 - 20*g + 5. Determine o(-8).
37
Let k(t) = -6*t - 57. Determine k(-16).
39
Let l(n) = 145*n + 915. Give l(-6).
45
Let b(w) = w**2 + 43*w - 93. What is b(-51)?
315
Let a(k) = -3*k**2 + 8*k - 8. Calculate a(5).
-43
Let u(n) = -23*n + 168. Determine u(0).
168
Let x(i) = -5*i**2 + 435*i - 2058. Determine x(82).
-8
Let d(o) = 2*o**2 + 137*o + 1535. Determine d(-54).
-31
Let w(k) = -k**3 + 4*k**2 - k + 12. Give w(6).
-66
Let f(v) = -v**3 + 116*v**2 - 1153*v - 132. Give f(105).
78
Let m(o) = -9*o**2 - 54*o + 186. Calculate m(3).
-57
Let o(a) = 15*a + 642. Calculate o(-43).
-3
Let a(d) = d**2 + 459*d - 2261. Give a(5).
59
Let r(a) = -2*a**2 + 98*a - 477. What is r(5)?
-37
Let x(v) = v**2 - 36*v - 232. Calculate x(41).
-27
Let b(y) = 2*y**2 - 15*y + 23. Calculate b(6).
5
Let z(b) = -601*b - 135847. Calculate z(-226).
-21
Let c(b) = -b**2 + 30*b - 142. What is c(7)?
19
Let w(a) = 6*a**2 - 23*a - 55. Calculate w(-6).
299
Let t(f) = -9*f + 54. Give t(7).
-9
Let h(r) = 3*r**3 - 19*r**2 - 20*r + 157. Give h(7).
115
Let a(d) = -d**2 - 11*d + 8352. Calculate a(86).
10
Let i(s) = -8*s**2 + 245*s + 13. Calculate i(31).
-80
Let j(d) = 5*d**2 + 152*d + 779. Give j(-24).
11
Let t(s) = -42*s**2 + 18*s - 20. Determine t(1).
-44
Let f(w) = -717*w + 4239. Calculate f(6).
-63
Let o(h) = 4996*h + 94932. Give o(-19).
8
Let x(a) = -63*a - 893. Give x(-15).
52
Let a(w) = 2*w**2 - 46*w - 5285. Calculate a(-41).
-37
Let i(p) = -p**2 - 42*p - 127. Give i(-38).
25
Let u(g) = 95*g + 1324. Determine u(-14).
-6
Let r(l) = -188*l + 17126. Calculate r(91).
18
Let a(f) = 353*f + 6338. Give a(-18).
-16
Let j(i) = i**2 + 20*i - 126. Calculate j(-22).
-82
Let t(z) = -49*z**3 - 4*z**2 + 2*z. What is t(1)?
-51
Let j(y) = 60*y - 597. Calculate j(12).
123
Let m(i) = -2*i**3 + 229*i**2 - 105*i - 1013. Give m(114).
13
Let v(f) = -f**2 + 24*f - 12. Determine v(10).
128
Let r(l) = 66*l**2 - 13*l + 26. Calculate r(0).
26
Let o(c) = 1093*c + 37172. Give o(-34).
10
Let p(x) = -2*x**2 + 200*x - 1644. Determine p(9).
-6
Let i(z) = -z**3 + 13*z**2 - 44*z + 19. Give i(5).
-1
Let k(h) = 27*h - 36. Give k(0).
-36
Let m(s) = -6*s**3 - 173*s**2 + 20*s - 273. Determine m(-29).
-12
Let k(a) = 69*a - 568. Calculate k(15).
467
Let r(u) = -5*u**2 - 82*u - 244. What is r(-11)?
53
Let s(r) = -159*r - 4246. Give s(-26).
-112
Let l(k) = 154*k + 2768. What is l(-18)?
-4
Let x(l) = -7*l**2 - 4*l + 7. Give x(7).
-364
Let o(w) = -14*w**2 - 147*w - 19. What is o(-11)?
-96
Let m(j) = -2*j**2 - 27*j + 1448. Give m(21).
-1
Let a(h) = h**2 + 23*h - 135. Determine a(7).
75
Let a(p) = 112*p**2 - 6*p - 6. What is a(-1)?
112
Let z(r) = 1439*r + 2920. Determine z(-2).
42
Let m(j) = 3*j**2 - 79*j + 474. Determine m(11).
-32
Let d(h) = -81*h**2 - 4939*h + 121. What is d(-61)?
-1
Let i(z) = z**3 - 14*z**2 - 10*z + 281. Determine i(5).
6
Let u(d) = -13*d**2 + 9*d + 2. Determine u(4).
-170
Let z(t) = -131*t - 4851. What is z(-37)?
-4
Let n(c) = -3*c**2 - 53*c - 8. Calculate n(-15).
112
Let c(r) = 6*r - 72. Calculat